{"id":627,"date":"2020-11-19T15:33:12","date_gmt":"2020-11-19T15:33:12","guid":{"rendered":"https:\/\/akademie.fnusa.cz\/?page_id=627"},"modified":"2025-06-25T12:46:18","modified_gmt":"2025-06-25T12:46:18","slug":"ing-petr-klimes-phd","status":"publish","type":"page","link":"https:\/\/akademie.fnusa.cz\/?page_id=627","title":{"rendered":"Ing. Petr Klime\u0161, PhD."},"content":{"rendered":"\n<p>Petr Klime\u0161 se specializuje na anal\u00fdzu elektrofyziologick\u00fdch sign\u00e1l\u016f v neurologii. B\u011bhem doktorsk\u00e9ho studia absolvoval sedmim\u011bs\u00ed\u010dn\u00ed st\u00e1\u017e v t\u00fdmu Dr. Gregoryho Worrella na Mayo Clinic v Rochesteru, MN, kde se zab\u00fdval funk\u010dn\u00edm propojen\u00edm epileptogenn\u00edch z\u00f3n u pacient\u016f s epilepsi\u00ed. V letech 2018-2020 absolvoval dvouletou postdoktorskou st\u00e1\u017e v laborato\u0159i Dr. Frauscher v Montreal Neurology Institute and Hospital v Kanad\u011b, kde z\u00edskal presti\u017en\u00ed Molson Neuro-Engineering Fellowship pro v\u00fdvoj pokro\u010dil\u00fdch metod v oblasti p\u0159edopera\u010dn\u00edho pl\u00e1nov\u00e1n\u00ed v epilepsii. Od roku 2020 vede v\u00fdzkumnou skupinu V\u00fdpo\u010detn\u00ed neurov\u011bdy na \u00dastavu p\u0159\u00edstrojov\u00e9 techniky Akademie v\u011bd \u010cR, kter\u00e1 \u00fazce spolupracuje s odd\u011blen\u00edm Biomedic\u00ednsk\u00e9ho in\u017een\u00fdrstv\u00ed v ICRC. V roce 2024 se stal spoluzakladatelem softwarov\u00e9 firmy WaveSurfers, zam\u011b\u0159en\u00e9 na v\u00fdvoj n\u00e1stroj\u016f pro vizualizaci neurofyziologick\u00fdch sign\u00e1l\u016f a od konce roku 2024 p\u016fsob\u00ed jako Senior Research Associate v Analytical Neurophysiology Lab na Duke University v Severn\u00ed Karol\u00edn\u011b, USA.<\/p>\n\n\n\n<figure class=\"wp-container-2 wp-block-gallery-1 wp-block-gallery has-nested-images columns-default is-cropped\">\n<figure class=\"wp-block-image\"><img fetchpriority=\"high\" width=\"2560\" height=\"1709\" data-id=\"2763\"  src=\"https:\/\/akademie.fnusa.cz\/wp-content\/uploads\/2025\/06\/DSC6808-scaled.jpg\" alt=\"\" class=\"wp-image-2763\" srcset=\"https:\/\/akademie.fnusa.cz\/wp-content\/uploads\/2025\/06\/DSC6808-scaled.jpg 2560w, https:\/\/akademie.fnusa.cz\/wp-content\/uploads\/2025\/06\/DSC6808-300x200.jpg 300w, https:\/\/akademie.fnusa.cz\/wp-content\/uploads\/2025\/06\/DSC6808-1024x684.jpg 1024w, https:\/\/akademie.fnusa.cz\/wp-content\/uploads\/2025\/06\/DSC6808-768x513.jpg 768w, https:\/\/akademie.fnusa.cz\/wp-content\/uploads\/2025\/06\/DSC6808-1536x1025.jpg 1536w, https:\/\/akademie.fnusa.cz\/wp-content\/uploads\/2025\/06\/DSC6808-2048x1367.jpg 2048w, https:\/\/akademie.fnusa.cz\/wp-content\/uploads\/2025\/06\/DSC6808-1200x800.jpg 1200w, https:\/\/akademie.fnusa.cz\/wp-content\/uploads\/2025\/06\/DSC6808-920x614.jpg 920w, https:\/\/akademie.fnusa.cz\/wp-content\/uploads\/2025\/06\/DSC6808-230x154.jpg 230w, https:\/\/akademie.fnusa.cz\/wp-content\/uploads\/2025\/06\/DSC6808-350x234.jpg 350w, https:\/\/akademie.fnusa.cz\/wp-content\/uploads\/2025\/06\/DSC6808-480x320.jpg 480w\" sizes=\"(max-width: 2560px) 100vw, 2560px\" \/><\/figure>\n\n\n\n<figure class=\"wp-block-image\"><img width=\"1200\" height=\"798\" data-id=\"2793\"  src=\"https:\/\/akademie.fnusa.cz\/wp-content\/uploads\/2025\/06\/001017-ICRCacad-Seminar-Veda-2023-WEB.jpg\" alt=\"\" class=\"wp-image-2793\" srcset=\"https:\/\/akademie.fnusa.cz\/wp-content\/uploads\/2025\/06\/001017-ICRCacad-Seminar-Veda-2023-WEB.jpg 1200w, https:\/\/akademie.fnusa.cz\/wp-content\/uploads\/2025\/06\/001017-ICRCacad-Seminar-Veda-2023-WEB-300x200.jpg 300w, https:\/\/akademie.fnusa.cz\/wp-content\/uploads\/2025\/06\/001017-ICRCacad-Seminar-Veda-2023-WEB-1024x681.jpg 1024w, https:\/\/akademie.fnusa.cz\/wp-content\/uploads\/2025\/06\/001017-ICRCacad-Seminar-Veda-2023-WEB-768x511.jpg 768w, https:\/\/akademie.fnusa.cz\/wp-content\/uploads\/2025\/06\/001017-ICRCacad-Seminar-Veda-2023-WEB-920x612.jpg 920w, https:\/\/akademie.fnusa.cz\/wp-content\/uploads\/2025\/06\/001017-ICRCacad-Seminar-Veda-2023-WEB-230x153.jpg 230w, https:\/\/akademie.fnusa.cz\/wp-content\/uploads\/2025\/06\/001017-ICRCacad-Seminar-Veda-2023-WEB-350x233.jpg 350w, https:\/\/akademie.fnusa.cz\/wp-content\/uploads\/2025\/06\/001017-ICRCacad-Seminar-Veda-2023-WEB-480x319.jpg 480w\" sizes=\"(max-width: 1200px) 100vw, 1200px\" \/><\/figure>\n\n\n\n<figure class=\"wp-block-image\"><img width=\"2560\" height=\"1709\" data-id=\"2794\"  src=\"https:\/\/akademie.fnusa.cz\/wp-content\/uploads\/2025\/06\/DSC6961-scaled.jpg\" alt=\"\" class=\"wp-image-2794\" srcset=\"https:\/\/akademie.fnusa.cz\/wp-content\/uploads\/2025\/06\/DSC6961-scaled.jpg 2560w, https:\/\/akademie.fnusa.cz\/wp-content\/uploads\/2025\/06\/DSC6961-300x200.jpg 300w, https:\/\/akademie.fnusa.cz\/wp-content\/uploads\/2025\/06\/DSC6961-1024x684.jpg 1024w, https:\/\/akademie.fnusa.cz\/wp-content\/uploads\/2025\/06\/DSC6961-768x513.jpg 768w, https:\/\/akademie.fnusa.cz\/wp-content\/uploads\/2025\/06\/DSC6961-1536x1025.jpg 1536w, https:\/\/akademie.fnusa.cz\/wp-content\/uploads\/2025\/06\/DSC6961-2048x1367.jpg 2048w, https:\/\/akademie.fnusa.cz\/wp-content\/uploads\/2025\/06\/DSC6961-1200x800.jpg 1200w, https:\/\/akademie.fnusa.cz\/wp-content\/uploads\/2025\/06\/DSC6961-920x614.jpg 920w, https:\/\/akademie.fnusa.cz\/wp-content\/uploads\/2025\/06\/DSC6961-230x154.jpg 230w, https:\/\/akademie.fnusa.cz\/wp-content\/uploads\/2025\/06\/DSC6961-350x234.jpg 350w, https:\/\/akademie.fnusa.cz\/wp-content\/uploads\/2025\/06\/DSC6961-480x320.jpg 480w\" sizes=\"(max-width: 2560px) 100vw, 2560px\" \/><\/figure>\n<\/figure>\n","protected":false},"excerpt":{"rendered":"<p>Petr Klime\u0161 se specializuje na anal\u00fdzu elektrofyziologick\u00fdch sign\u00e1l\u016f v neurologii. B\u011bhem doktorsk\u00e9ho studia absolvoval sedmim\u011bs\u00ed\u010dn\u00ed st\u00e1\u017e v t\u00fdmu Dr. Gregoryho Worrella na [&hellip;]<\/p>\n","protected":false},"author":4,"featured_media":0,"parent":0,"menu_order":0,"comment_status":"closed","ping_status":"closed","template":"","meta":{"inline_featured_image":false},"_links":{"self":[{"href":"https:\/\/akademie.fnusa.cz\/index.php?rest_route=\/wp\/v2\/pages\/627"}],"collection":[{"href":"https:\/\/akademie.fnusa.cz\/index.php?rest_route=\/wp\/v2\/pages"}],"about":[{"href":"https:\/\/akademie.fnusa.cz\/index.php?rest_route=\/wp\/v2\/types\/page"}],"author":[{"embeddable":true,"href":"https:\/\/akademie.fnusa.cz\/index.php?rest_route=\/wp\/v2\/users\/4"}],"replies":[{"embeddable":true,"href":"https:\/\/akademie.fnusa.cz\/index.php?rest_route=%2Fwp%2Fv2%2Fcomments&post=627"}],"version-history":[{"count":8,"href":"https:\/\/akademie.fnusa.cz\/index.php?rest_route=\/wp\/v2\/pages\/627\/revisions"}],"predecessor-version":[{"id":2795,"href":"https:\/\/akademie.fnusa.cz\/index.php?rest_route=\/wp\/v2\/pages\/627\/revisions\/2795"}],"wp:attachment":[{"href":"https:\/\/akademie.fnusa.cz\/index.php?rest_route=%2Fwp%2Fv2%2Fmedia&parent=627"}],"curies":[{"name":"wp","href":"https:\/\/api.w.org\/{rel}","templated":true}]}}